base 10
-1
11 (base 5) to base 11
6
Convert c9 (base 16) to base 12.
149
What is 120 (base 3) in base 16?
f
Convert -3 (base 9) to base 13.
-3
5 (base 12) to base 10
5
What is -24 (base 5) in base 14?
-10
11 (base 2) to base 7
3
4 (base 12) to base 2
100
Convert -12 (base 8) to base 3.
-101
Convert -1a (base 16) to base 6.
-42
1 (base 8) to base 9
1
Convert 108 (base 9) to base 7.
155
-12 (base 4) to base 11
-6
31 (base 4) to base 6
21
1100010 (base 2) to base 12
82
Convert 26 (base 16) to base 14.
2a
What is 5c (base 14) in base 11?
75
What is -6 (base 10) in base 4?
-12
Convert 4 (base 11) to base 13.
4
What is 73 (base 15) in base 2?
1101100
What is 12 (base 3) in base 9?
5
-1100111 (base 2) to base 4
-1213
What is 4 (base 10) in base 16?
4
What is 25 (base 7) in base 5?
34
-1 (base 16) to base 15
-1
What is 1101 (base 2) in base 12?
11
What is 104 (base 5) in base 13?
23
0 (base 2) to base 13
0
What is 10101010 (base 2) in base 13?
101
Convert -5 (base 10) to base 5.
-10
-110010 (base 2) to base 9
-55
Convert 3 (base 9) to base 13.
3
What is 10 (base 10) in base 4?
22
Convert -1 (base 12) to base 16.
-1
-3 (base 14) to base 16
-3
Convert 142 (base 8) to base 14.
70
What is -1b (base 15) in base 16?
-1a
What is -40 (base 10) in base 14?
-2c
-312 (base 4) to base 8
-66
What is -310 (base 7) in base 9?
-181
Convert -31 (base 15) to base 12.
-3a
What is -2 (base 9) in base 5?
-2
Convert 2 (base 6) to base 11.
2
16 (base 13) to base 2
10011
Convert -198 (base 10) to base 13.
-123
-455 (base 7) to base 5
-1421
1 (base 14) to base 8
1
33 (base 7) to base 6
40
Convert 1 (base 2) to base 5.
1
12 (base 3) to base 13
5
-8 (base 16) to base 13
-8
Convert -95 (base 10) to base 7.
-164
-1101110 (base 2) to base 6
-302
-20 (base 7) to base 9
-15
0 (base 7) to base 5
0
2b (base 13) to base 12
31
14 (base 11) to base 5
30
7 (base 15) to base 3
21
What is -18 (base 9) in base 13?
-14
What is -126 (base 12) in base 15?
-b9
Convert -3 (base 6) to base 12.
-3
-63 (base 13) to base 10
-81
-37 (base 10) to base 6
-101
-2 (base 3) to base 12
-2
What is 1224 (base 6) in base 3?
102021
What is 1 (base 4) in base 16?
1
What is 62 (base 16) in base 15?
68
1101 (base 3) to base 4
211
Convert 9 (base 10) to base 7.
12
Convert 19 (base 13) to base 14.
18
What is -3 (base 5) in base 8?
-3
Convert -23 (base 6) to base 15.
-10
Convert -371 (base 8) to base 2.
-11111001
0 (base 6) to base 11
0
Convert -51 (base 10) to base 15.
-36
6 (base 7) to base 6
10
What is 6 (base 9) in base 15?
6
Convert 23 (base 11) to base 14.
1b
Convert 36 (base 9) to base 3.
1020
Convert 0 (base 15) to base 4.
0
-11 (base 2) to base 12
-3
102 (base 10) to base 14
74
-7 (base 10) to base 16
-7
What is -2 (base 7) in base 9?
-2
Convert -12 (base 10) to base 16.
-c
What is -11111111 (base 2) in base 4?
-3333
What is 138 (base 11) in base 16?
a2
-12 (base 4) to base 5
-11
What is 4 (base 6) in base 14?
4
Convert 18a (base 14) to base 4.
10332
Convert 202 (base 4) to base 16.
22
What is -72 (base 8) in base 10?
-58
Convert 20 (base 16) to base 10.
32
What is -8 (base 16) in base 12?
-8
-3 (base 10) to base 8
-3
0 (base 13) to base 3
0
11 (base 2) to base 16
3
Convert c (base 14) to base 16.
c
Convert 234 (base 9) to base 11.
166
Convert -4 (base 11) to base 12.
-4
What is -1a (base 13) in base 15?
-18
What is 13 (base 12) in base 4?
33
What is 12222 (base 3) in base 4?
2201
Convert 3 (base 8) to base 11.
3
-22 (base 13) to base 7
-40
What is a (base 12) in base 7?
13
What is -2 (base 15) in base 6?
-2
What is 0 (base 4) in base 6?
0
What is -8 (base 15) in base 16?
-8
Convert 213 (base 6) to base 3.
10000
-102 (base 11) to base 7
-234
Convert -1323 (base 4) to base 13.
-96
What is 12 (base 15) in base 2?
10001
Convert 313 (base 4) to base 3.
2001
Convert -1212 (base 3) to base 8.
-62
Convert 1011 (base 2) to base 7.
14
What is 122 (base 8) in base 12?
6a
What is 10000011 (base 2) in base 10?
131
-1 (base 16) to base 4
-1
What is -2 (base 10) in base 12?
-2
Convert e (base 15) to base 16.
e
-10 (base 3) to base 14
-3
Convert 2 (base 10) to base 15.
2
Convert 1 (base 15) to base 9.
1
-2 (base 7) to base 11
-2
What is 7a (base 12) in base 10?
94
115 (base 9) to base 5
340
Convert -221 (base 3) to base 4.
-121
10 (base 11) to base 16
b
What is -2 (base 10) in base 11?
-2
What is -302 (base 5) in base 9?
-85
What is 2 (base 8) in base 3?
2
What is 0 (base 10) in base 13?
0
What is -1a (base 11) in base 16?
-15
What is 42 (base 10) in base 9?
46
10 (base 2) to base 8
2
24 (base 10) to base 4
120
5 (base 9) to base 5
10
Convert 20 (base 3) to base 4.
12
-221 (base 3) to base 6
-41
What is -10 (base 5) in base 4?
-11
Convert 0 (base 2) to base 15.
0
What is 86 (base 11) in base 16?
5e
0 (base 12) to base 7
0
11 (base 5) to base 6
10
6 (base 7) to base 5
11
-5 (base 13) to base 9
-5
What is 11 (base 10) in base 9?
12
Convert 10 (base 5) to base 2.
101
Convert 26 (base 11) to base 6.
44
182 (base 12) to base 10
242
Convert 0 (base 6) to base 5.
0
What is 44 (base 6) in base 16?
1c
1202 (base 3) to base 10
47
Convert -10 (base 4) to base 10.
-4
Convert -22 (base 3) to base 11.
-8
Convert 104 (base 5) to base 3.
1002
Convert -10010 (base 2) to base 10.
-18
What is 1 (base 11) in base 6?
1
What is -3 (base 14) in base 8?
-3
What is 21111 (base 3) in base 15?
d7
-101 (base 9) to base 4
-1102
What is 53 (base 8) in base 10?
43
What is -3 (base 14) in base 8?
-3
What is -10 (base 11) in base 3?
-102
Convert -1 (base 14) to base 6.
-1
-21 (base 4) to base 9
-10
Convert 95 (base 12) to base 4.
1301
Convert -156 (base 8) to base 3.
-11002
Convert 0 (base 7) to base 5.
0
Convert 2 (base 9) to base 14.
2
Convert -4 (base 12) to base 13.
-4
Convert -10 (base 8) to base 14.
-8
What is -3f (base 16) in base 3?
-2100
Convert -25 (base 14) to base 2.
-100001
21 (base 3) to base 10
7
-12 (base 12) to base 11
-13
37 (base 13) to base 9
51
Convert 2 (base 16) to base 12.
2
What is -20 (base 5) in base 2?
-1010
-12 (base 3) to base 7
-5
-2 (base 14) to base 13
-2
What is -1a (base 16) in base 8?
-32
What is 1122 (base 4) in base 2?
1011010
Convert -4 (base 15) to base 2.
-100
3 (base 6) to base 11
3
What is 187 (base 12) in base 6?
1051
14 (base 16) to base 6
32
Convert 0 (base 15) to base 2.
0
101 (base 3) to base 8
12
Convert 7f (base 16) to base 2.
1111111
1011 (base 2) to base 4
23
-6 (base 11) to base 16
-6
Convert 1 (base 11) to base 14.
1
-432 (base 8) to base 6
-1150
Convert 11011110 (base 2) to base 15.
ec
Convert 3 (base 11) to base 14.
3
-2 (base 12) to base 14
-2
Convert 10 (base 9) to base 14.
9
Convert 10110 (base 2) to base 4.
112
Convert 33 (base 5) to base 4.
102
Convert 3 (base 6) to base 2.
11
What is 43 (base 10) in base 14?
31
What is -20202 (base 3) in base 13?
-110
9 (base 12) to base 7
12
Convert 5 (base 7) to base 8.
5
Convert 6 (base 12) to base 2.
110
Convert -8 (base 13) to base 9.
-8
Convert 3 (base 14) to base 9.
3
What is -5 (base 9) in base 6?
-5
207 (base 8) to base 7
252
What is 1 (base 7) in base 9?
1
What is c (base 16) in base 9?
13
-8 (base 12) to base 10
-8
a (base 13) to base 14
a
54 (base 6) to base 7
46
What is -114 (base 6) in base 16?
-2e
Convert -35 (base 9) to base 13.
-26
Convert -3 (base 10) to base 2.
-11
Convert -1b (base 14) to base 4.
-121
Convert -2b (base 16) to base 5.
-133
What is -44 (base 5) in base 4?
-120
What is 3 (base 4) in base 15?
3
3 (base 14) to base 8
3
Convert 1b (base 14) to base 13.
1c
Convert -75 (base 13) to base 12.
-80
What is 10 (base 4) in base 7?
4
Convert 68 (base 14) to base 2.
1011100
Convert -133 (base 6) to base 11.
-52
Convert -101 (base 2) to base 6.
-5
3 (base 4) to base 7
3
-163 (base 8) to base 3
-11021
Convert 115 (base 11) to base 5.
1022
-8 (base 15) to base 11
-8
8b (base 12) to base 6
255
What is -4 (base 8) in base 12?
-4
Convert -4 (base 8) to base 15.
-4
110 (base 2) to base 10
6
What is 34 (base 15) in base 5?
144
What is 1 (base 14) in base 3?
1
Convert -61 (base 8) to base 6.
-121
-6 (base 12) to base 11
-6
What is 0 (base 13) in base 14?
0
-3 (base 15) to base 16
-3
Convert -101 (base 2) to base 9.
-5
What is 34 (base 7) in base 4?
121
Convert -33 (base 4) to base 7.
-21
12 (base 8) to base 11
a
-10 (base 10) to base 16
-a
What